96735543?
True
Is 847772 a multiple of 32?
False
Is 16740724 a multiple of 44?
True
Does 1608 divide 47810664?
True
Is 1765344902 a multiple of 238?
False
Is 465 a factor of 51677775?
True
Does 4 divide 678745?
False
Is 814351835 a multiple of 428?
False
Does 14 divide 58027676?
True
Does 5 divide 377036736?
False
Is 5516460 a multiple of 12?
True
Is 1448686785 a multiple of 15?
True
Is 360 a factor of 351924480?
True
Does 50 divide 2319529450?
True
Does 30 divide 63964272?
False
Is 447 a factor of 955098195?
True
Does 32 divide 829835670?
False
Is 681 a factor of 502381191?
True
Does 4 divide 45604835?
False
Is 7 a factor of 32864844?
False
Is 54134592 a multiple of 258?
True
Is 28639408 a multiple of 28?
True
Is 2997 a factor of 770009288?
False
Is 373714848 a multiple of 104?
True
Does 56 divide 16652160?
True
Is 202 a factor of 819970792?
False
Is 325 a factor of 77439343?
False
Is 157820750 a multiple of 125?
True
Is 387 a factor of 137428570?
False
Does 245 divide 340722226?
False
Is 287166870 a multiple of 15?
True
Does 498 divide 114386118?
True
Is 4092276119 a multiple of 7951?
False
Does 1228 divide 558017096?
False
Is 26 a factor of 165464884?
True
Is 22 a factor of 32315763?
False
Is 231 a factor of 101317878?
False
Does 454 divide 183262924?
False
Is 51024899 a multiple of 42?
False
Is 30 a factor of 387253410?
True
Is 17 a factor of 22902536?
True
Is 44693377 a multiple of 154?
False
Does 1422 divide 3909925512?
True
Is 74 a factor of 51463004?
True
Is 2117 a factor of 494645518?
True
Is 1375933608 a multiple of 172?
True
Does 544 divide 205786354?
False
Is 1622 a factor of 382609483?
False
Is 9122639 a multiple of 7?
False
Is 473 a factor of 44369765?
True
Is 2173372147 a multiple of 967?
True
Is 43 a factor of 24712014?
True
Does 20 divide 115440480?
True
Is 631402125 a multiple of 199?
True
Does 17 divide 15430373?
True
Is 3110561102 a multiple of 6?
False
Does 153 divide 103276245?
False
Is 45737165 a multiple of 375?
False
Is 7766644 a multiple of 8?
False
Is 6678913 a multiple of 114?
False
Does 10 divide 108709240?
True
Does 2220 divide 321332965?
False
Is 492999156 a multiple of 2964?
True
Does 5056 divide 1137276416?
True
Does 785 divide 209834341?
False
Does 130 divide 1038469?
False
Is 2745784541 a multiple of 45?
False
Does 2668 divide 473852928?
False
Is 23500379 a multiple of 14?
False
Does 141 divide 38632731?
True
Is 25826433 a multiple of 90?
False
Is 14173281 a multiple of 2217?
True
Is 111 a factor of 19687483?
False
Is 19923310 a multiple of 1769?
False
Is 283672739 a multiple of 557?
False
Is 1059 a factor of 1685173992?
True
Is 2153094641 a multiple of 54?
False
Does 6389 divide 1292290252?
True
Is 13 a factor of 1927430142?
False
Does 24 divide 7966032?
True
Is 939560 a multiple of 5?
True
Does 770 divide 612417960?
True
Does 341 divide 14026425?
False
Does 36 divide 58928868?
True
Is 163969627 a multiple of 1658?
False
Does 1042 divide 17094232?
False
Is 996600 a multiple of 1320?
True
Is 1099 a factor of 4594827?
False
Is 11 a factor of 14293829?
True
Is 128752416 a multiple of 24?
True
Is 290 a factor of 17890100?
True
Does 125 divide 74454500?
True
Is 29132994 a multiple of 550?
False
Is 327966505 a multiple of 95?
True
Is 37 a factor of 512737186?
False
Does 1728 divide 38394432?
True
Does 1283 divide 6409457274?
False
Does 2894 divide 1214630094?
False
Does 25 divide 173188687?
False
Is 463578206 a multiple of 33?
False
Is 88 a factor of 37918320?
True
Does 5594 divide 143128084?
True
Is 4910286468 a multiple of 12?
True
Is 302579156 a multiple of 116?
True
Does 111 divide 67991163?
True
Is 716 a factor of 301782544?
True
Is 22201696 a multiple of 8?
True
Is 3956 a factor of 53682829?
False
Is 37271591 a multiple of 19?
False
Is 118 a factor of 86264726?
True
Does 77 divide 9693603?
False
Does 5 divide 748829024?
False
Is 61 a factor of 2376099572?
True
Does 251 divide 2233206922?
False
Is 1339896452 a multiple of 109?
True
Does 35 divide 938927?
False
Does 2874 divide 1158035500?
False
Is 644 a factor of 874879042?
False
Is 1198700885 a multiple of 179?
False
Is 15938250 a multiple of 79?
True
Is 148 a factor of 20011629?
False
Does 14 divide 69417404?
True
Is 47 a factor of 968262933?
True
Is 476054592 a multiple of 208?
True
Does 33 divide 6758268?
True
Is 30665703 a multiple of 2366?
False
Is 35869452 a multiple of 179?
True
Is 19691010 a multiple of 3?
True
Does 11 divide 3510674622?
False
Is 860 a factor of 407314920?
True
Does 273 divide 5241493?
False
Is 778 a factor of 277816798?
True
Does 46 divide 358256096?
True
Does 6743 divide 250614294?
False
Does 121 divide 79871132?
True
Is 316 a factor of 129000996?
True
Is 2672 a factor of 140389552?
True
Is 59610587 a multiple of 1012?
False
Is 94443982 a multiple of 1121?
False
Is 231966966 a multiple of 17?
False
Is 9895346 a multiple of 3458?
False
Is 164967671 a multiple of 4650?
False
Is 899039414 a multiple of 721?
True
Is 63879898 a multiple of 929?
True
Is 519104278 a multiple of 1694?
True
Does 2252 divide 64993423?
False
Is 136 a factor of 1018900261?
False
Is 1059 a factor of 1287163798?
False
Is 27 a factor of 90460682?
False
Is 703 a factor of 1249759983?
False
Is 257 a factor of 143989133?
True
Is 47 a factor of 32728660?
False
Is 122918922 a multiple of 42?
True
Does 23 divide 38334399?
True
Is 4700404 a multiple of 82?
True
Is 665194995 a multiple of 2115?
True
Is 26233804 a multiple of 599?
True
Is 12 a factor of 232518918?
False
Does 4 divide 50528884?
True
Is 100 a factor of 87734700?
True
Is 434 a factor of 204145179?
False
Is 5891333 a multiple of 399?
False
Is 432314400 a multiple of 1400?
True
Is 31 a factor of 38462027?
False
Is 188241084 a multiple of 4?
True
Is 108108185 a multiple of 6?
False
Is 38404392 a multiple of 104?
True
Does 18 divide 68586266?
False
Is 2205455 a multiple of 35?
True
Is 11 a factor of 987445960?
False
Does 29 divide 353000499?
True
Is 294603305 a multiple of 8?
False
Is 45 a factor of 1144303605?
True
Is 128472992 a multiple of 146?
True
Does 3691 divide 165557438?
False
Is 28758674 a multiple of 443?
True
Is 767 a factor of 17918654?
True
Is 9 a factor of 272692682?
False
Is 19 a factor of 65645905?
False
Is 57510327 a multiple of 23?
True
Is 338 a factor of 39712634?
True
Is 112 a factor of 18352308?
False
Does 27 divide 24198904?
False
Does 1165 divide 1168131520?
True
Is 34 a factor of 52808120?
True
Is 973 a factor of 92591737?
False
Does 2910 divide 29309520?
True
Does 4748 divide 97572605?
False
Does 976 divide 28888359?
False
Does 34 divide 4100604?
True
Is 131164384 a multiple of 1091?
True
Is 59181467 a multiple of 15?
False
Is 342653685 a multiple of 19?
False
Is 2202439 a multiple of 201?
False
Is 101 a factor of 3222448733?
True
Does 17 divide 5017210?
True
Does 85 divide 5797165155?
True
Is 104 a factor of 1396242460?
False
Is 5423 a factor of 93041704?
False
Is 448 a factor of 672909442?
False
Does 120 divide 201346389?
False
Is 19 a factor of 97252887?
True
Does 58 divide 483975588?
False
Does 911 divide 33124871?
True
Does 83 divide 28398299?
False
Does 1465 divide 88891628?
False
Is 93107141 a multiple of 373?
True
Does 502 divide 513410080?
False
Does 119 divide 39449756?
False
Does 1651 divide 48475335?
False
Does 31 divide 93308264?
True
Is 30 a factor of 276017037?
False
Is 168903378 a multiple of 119?
False
Does 157 divide 64900346?
True
Is 270740 a multiple of 3?
False
Is 60095784 a multiple of 8?
True
Is 2595 a factor of 24401153?
False
Is 3076 a factor of 273253384?
True
Is 19549436 a multiple of 1381?
True
Is 31 a factor of 57403741?
False
Is 617 a factor of 56615920?
True
Does 351 divide 2117334811?
False
Is 13 a factor of 1988106312?
False
Is 2192869816 a multiple of 72?
False
Does 23 divide 1071196181?
True
Is 18958349 a multiple of 113?
True
Is 13 a factor of 24642254?
True
Does 2208 divide 2614272?
True
Is 4 a factor of 32896418?
False
Does 227 divide 95038317?
True
Is 35728360 a multiple of 2014?
True
Does 161 divide 5000010?
False
Does 6 divide 340640868?
True
Is 598516218 a multiple of 176?
False
Is 925487 a multiple of 126?
False
Is 57 a factor of 170432001?
False
Is 44 a factor of 2122032?
True
Does 30 divide 3304740?
True
Is 3811810047 a multiple of 5788?